{"id":63,"date":"2020-07-22T22:38:12","date_gmt":"2020-07-22T22:38:12","guid":{"rendered":"http:\/\/alloncalaw.com\/web\/?page_id=63"},"modified":"2023-10-31T22:53:08","modified_gmt":"2023-10-31T22:53:08","slug":"estudio","status":"publish","type":"page","link":"https:\/\/alloncalaw.com\/web\/estudio\/","title":{"rendered":"estudio"},"content":{"rendered":"<p>[et_pb_section fb_built=\u00bb1&#8243; _builder_version=\u00bb4.16&#8243; _module_preset=\u00bbdefault\u00bb background_image=\u00bbhttp:\/\/alloncalaw.com\/web\/wp-content\/uploads\/2020\/07\/fondo-allonca.png\u00bb custom_padding=\u00bb18px||27px|||\u00bb global_colors_info=\u00bb{}\u00bb][et_pb_row _builder_version=\u00bb4.16&#8243; _module_preset=\u00bbdefault\u00bb background_color=\u00bbrgba(255,255,255,0.79)\u00bb custom_padding=\u00bb20px|20px|20px|20px|false|false\u00bb global_colors_info=\u00bb{}\u00bb][et_pb_column type=\u00bb4_4&#8243; _builder_version=\u00bb4.16&#8243; _module_preset=\u00bbdefault\u00bb global_colors_info=\u00bb{}\u00bb][et_pb_text _builder_version=\u00bb4.16&#8243; _module_preset=\u00bbdefault\u00bb text_text_color=\u00bb#000000&#8243; global_colors_info=\u00bb{}\u00bb]<\/p>\n<p><strong>ALLONCA ABOGADOS<\/strong><br \/> Desde 1991, Allonca Abogados enfoca su actividad en la operatoria comercial de empresas locales y extranjeras que realizan negocios en Argentina.<\/p>\n<p>La firma tiene una fuerte orientaci\u00f3n al mercado de la mediana empresa y ha desarrollado una amplia red de relaciones comerciales con clientes sectores p\u00fablicos y privados en Argentina y en el extranjero.<\/p>\n<p>Contamos con oficinas en Buenos Aires, Argentina y Sao Paulo, Brasil, y tambi\u00e9n oficinas de enlace en Am\u00e9rica, Europa, Asia y en Oriente Medio.<\/p>\n<p>Allonca Abogados puede proporcionar asesoramiento legal en todo el mundo.<br \/> Desde Buenos Aires, la firma ofrece servicios como una ventanilla \u00fanica, atendiendo las necesidades de clientes locales y globales mediante el desarrollo y la ejecuci\u00f3n de estrategias legales de jurisdicci\u00f3n m\u00faltiple.<\/p>\n<p>[\/et_pb_text][\/et_pb_column][\/et_pb_row][et_pb_row _builder_version=\u00bb4.16&#8243; _module_preset=\u00bbdefault\u00bb background_color=\u00bb#046091&#8243; global_colors_info=\u00bb{}\u00bb][et_pb_column type=\u00bb4_4&#8243; _builder_version=\u00bb4.16&#8243; _module_preset=\u00bbdefault\u00bb global_colors_info=\u00bb{}\u00bb][et_pb_text _builder_version=\u00bb4.16&#8243; _module_preset=\u00bbdefault\u00bb text_font=\u00bb|300|||||||\u00bb text_text_color=\u00bb#ffffff\u00bb text_font_size=\u00bb32px\u00bb text_line_height=\u00bb1.1em\u00bb custom_padding=\u00bb5px|2px|5px|20px|false|false\u00bb global_colors_info=\u00bb{}\u00bb]<\/p>\n<p>\u00abSomos un miembro orgulloso de Grimaldi Alliance y Nextlaw Referral Network, entre otras redes legales internacionales.\u00bb<\/p>\n<p>[\/et_pb_text][\/et_pb_column][\/et_pb_row][\/et_pb_section][et_pb_section fb_built=\u00bb1&#8243; _builder_version=\u00bb4.16&#8243; _module_preset=\u00bbdefault\u00bb custom_padding=\u00bb35px|||||\u00bb global_colors_info=\u00bb{}\u00bb][et_pb_row _builder_version=\u00bb4.16&#8243; _module_preset=\u00bbdefault\u00bb custom_padding=\u00bb0px|||||\u00bb global_colors_info=\u00bb{}\u00bb][et_pb_column type=\u00bb4_4&#8243; _builder_version=\u00bb4.16&#8243; _module_preset=\u00bbdefault\u00bb global_colors_info=\u00bb{}\u00bb][et_pb_text _builder_version=\u00bb4.16&#8243; _module_preset=\u00bbdefault\u00bb text_text_color=\u00bb#000000&#8243; custom_padding=\u00bb|20px||20px|false|false\u00bb global_colors_info=\u00bb{}\u00bb]<\/p>\n<p><strong>NUESTRAS FORTALEZAS\/<\/strong><br \/> \u2022 Atenci\u00f3n altamente personalizada.<br \/> \u2022 Comprensi\u00f3n profunda de los mercados sudamericanos y la cultura empresarial.<br \/> \u2022 Oficinas que cubren los principales pa\u00edses del Mercosur (USD 3.396 billones de PIB estimado en 2019)<br \/> \u2022 Equipo de profesionales totalmente integrado en Brasil y Argentina.<br \/> \u2022 Uniforme est\u00e1ndar de servicios<br \/> \u2022 Equipo fluido en espa\u00f1ol, ingl\u00e9s y portugu\u00e9s.<br \/> \u2022 La estrecha coordinaci\u00f3n entre nuestros equipos en el pa\u00eds nos permite ofrecer servicios transfronterizos muy fuertes.<br \/> \u2022 Totalmente equipados con una base de datos sudamericana completa de legislaci\u00f3n, contratos, judiciales y Resoluciones administrativas.<br \/> \u2022 Movilidad geogr\u00e1fica dentro de nuestras oficinas y nuestra red.<\/p>\n<p>[\/et_pb_text][\/et_pb_column][\/et_pb_row][\/et_pb_section]<\/p>\n","protected":false},"excerpt":{"rendered":"<p>ALLONCA ABOGADOS Desde 1991, Allonca Abogados enfoca su actividad en la operatoria comercial de empresas locales y extranjeras que realizan negocios en Argentina. La firma tiene una fuerte orientaci\u00f3n al mercado de la mediana empresa y ha desarrollado una amplia red de relaciones comerciales con clientes sectores p\u00fablicos y privados en Argentina y en el [&hellip;]<\/p>\n","protected":false},"author":1,"featured_media":0,"parent":0,"menu_order":0,"comment_status":"closed","ping_status":"closed","template":"","meta":{"_et_pb_use_builder":"on","_et_pb_old_content":"","_et_gb_content_width":"","footnotes":""},"class_list":["post-63","page","type-page","status-publish","hentry"],"_links":{"self":[{"href":"https:\/\/alloncalaw.com\/web\/wp-json\/wp\/v2\/pages\/63","targetHints":{"allow":["GET"]}}],"collection":[{"href":"https:\/\/alloncalaw.com\/web\/wp-json\/wp\/v2\/pages"}],"about":[{"href":"https:\/\/alloncalaw.com\/web\/wp-json\/wp\/v2\/types\/page"}],"author":[{"embeddable":true,"href":"https:\/\/alloncalaw.com\/web\/wp-json\/wp\/v2\/users\/1"}],"replies":[{"embeddable":true,"href":"https:\/\/alloncalaw.com\/web\/wp-json\/wp\/v2\/comments?post=63"}],"version-history":[{"count":5,"href":"https:\/\/alloncalaw.com\/web\/wp-json\/wp\/v2\/pages\/63\/revisions"}],"predecessor-version":[{"id":726,"href":"https:\/\/alloncalaw.com\/web\/wp-json\/wp\/v2\/pages\/63\/revisions\/726"}],"wp:attachment":[{"href":"https:\/\/alloncalaw.com\/web\/wp-json\/wp\/v2\/media?parent=63"}],"curies":[{"name":"wp","href":"https:\/\/api.w.org\/{rel}","templated":true}]}}