{"id":790,"date":"2024-01-02T19:31:18","date_gmt":"2024-01-02T19:31:18","guid":{"rendered":"https:\/\/alloncalaw.com\/web\/?page_id=790"},"modified":"2024-08-23T18:34:54","modified_gmt":"2024-08-23T18:34:54","slug":"news2","status":"publish","type":"page","link":"https:\/\/alloncalaw.com\/web\/news2\/","title":{"rendered":"news2"},"content":{"rendered":"<p>[et_pb_section fb_built=\u00bb1&#8243; _builder_version=\u00bb4.16&#8243; _module_preset=\u00bbdefault\u00bb background_image=\u00bbhttps:\/\/alloncalaw.com\/web\/wp-content\/uploads\/2020\/08\/novedades.png\u00bb custom_padding=\u00bb18px||126px|||\u00bb global_colors_info=\u00bb{}\u00bb][et_pb_row _builder_version=\u00bb4.16&#8243; _module_preset=\u00bbdefault\u00bb background_color=\u00bbrgba(255,255,255,0.85)\u00bb custom_padding=\u00bb20px|20px|20px|20px|false|false\u00bb global_colors_info=\u00bb{}\u00bb][et_pb_column type=\u00bb4_4&#8243; _builder_version=\u00bb4.16&#8243; _module_preset=\u00bbdefault\u00bb global_colors_info=\u00bb{}\u00bb][et_pb_text _builder_version=\u00bb4.16&#8243; _module_preset=\u00bbdefault\u00bb text_text_color=\u00bb#000000&#8243; global_colors_info=\u00bb{}\u00bb]<\/p>\n<p><strong>LEGAL NEWS<\/strong><br \/><span>National and international scope.<\/span><br \/><span>Selection of reports, analysis and journalistic notes.<\/span><br \/><span>Legal issues, bilateral agreements, regulatory frameworks and contingencies in the markets, among others.<\/span><\/p>\n<p>[\/et_pb_text][\/et_pb_column][\/et_pb_row][\/et_pb_section][et_pb_section fb_built=\u00bb1&#8243; _builder_version=\u00bb4.16&#8243; _module_preset=\u00bbdefault\u00bb background_color=\u00bb#f9f9f9&#8243; custom_margin=\u00bb-1px|||||\u00bb custom_padding=\u00bb35px|||||\u00bb global_colors_info=\u00bb{}\u00bb][et_pb_row column_structure=\u00bb1_4,1_4,1_4,1_4&#8243; _builder_version=\u00bb4.16&#8243; _module_preset=\u00bbdefault\u00bb custom_padding=\u00bb0px||50px|||\u00bb global_colors_info=\u00bb{}\u00bb][et_pb_column type=\u00bb1_4&#8243; _builder_version=\u00bb4.16&#8243; _module_preset=\u00bbdefault\u00bb global_colors_info=\u00bb{}\u00bb][et_pb_blurb title=\u00bbIntroduction to President Javier Milei\u00b4s Impact on the Argentina Economy\u00a0\u00bb url=\u00bbhttps:\/\/alloncalaw.com\/web\/wp-content\/uploads\/2024\/08\/Milei%C2%B4s_Impact_Allonca_ingles.pdf\u00bb url_new_window=\u00bbon\u00bb image=\u00bbhttps:\/\/alloncalaw.com\/web\/wp-content\/uploads\/2024\/08\/portada_MIng.png\u00bb _builder_version=\u00bb4.27.0&#8243; _module_preset=\u00bbdefault\u00bb custom_padding=\u00bb|10px||10px|false|false\u00bb link_option_url=\u00bbhttps:\/\/alloncalaw.com\/web\/wp-content\/uploads\/2024\/08\/Milei%C2%B4s_Impact_Allonca_ingles.pdf\u00bb link_option_url_new_window=\u00bbon\u00bb hover_enabled=\u00bb0&#8243; box_shadow_style_image=\u00bbpreset1&#8243; global_colors_info=\u00bb{}\u00bb sticky_enabled=\u00bb0&#8243; title_text=\u00bbportada_MIng\u00bb]<\/p>\n<p>&nbsp;<\/p>\n<p><a href=\"https:\/\/alloncalaw.comhttps:\/\/alloncalaw.com\/web\/wp-content\/uploads\/2024\/08\/Milei%C2%B4s_Impact_Allonca_ingles.pdf\" target=\"_blank\" rel=\"noopener\" title=\"Milei\u00b4s Impact\">Read more &gt;&gt;<\/a><\/p>\n<p>[\/et_pb_blurb][\/et_pb_column][et_pb_column type=\u00bb1_4&#8243; _builder_version=\u00bb4.20.4&#8243; _module_preset=\u00bbdefault\u00bb global_colors_info=\u00bb{}\u00bb][et_pb_blurb title=\u00bbArgentina. Administraci\u00f3n Milei\u00bb url=\u00bbhttps:\/\/alloncalaw.com\/web\/wp-content\/uploads\/2024\/01\/DNU-presentacion-espanol-edit.pdf\u00bb url_new_window=\u00bbon\u00bb image=\u00bbhttps:\/\/alloncalaw.com\/web\/wp-content\/uploads\/2024\/01\/portada_dnu_.png\u00bb _builder_version=\u00bb4.27.0&#8243; _module_preset=\u00bbdefault\u00bb custom_padding=\u00bb|10px||10px|false|false\u00bb link_option_url=\u00bbhttps:\/\/alloncalaw.com\/web\/wp-content\/uploads\/2024\/01\/DNU-presentacion-espanol-edit.pdf\u00bb link_option_url_new_window=\u00bbon\u00bb hover_enabled=\u00bb0&#8243; box_shadow_style_image=\u00bbpreset1&#8243; global_colors_info=\u00bb{}\u00bb sticky_enabled=\u00bb0&#8243;]<\/p>\n<p>Coment\u00e1rios sobre las primeras reformas legislativas.<\/p>\n<p><a href=\"https:\/\/alloncalaw.com\/web\/wp-content\/uploads\/2024\/01\/DNU-presentacion-espanol-edit.pdf\" target=\"_blank\" rel=\"noopener\" title=\"Comentarios sobre las primeras reformas legislativas.\">Read more &gt;&gt;<\/a><\/p>\n<p>[\/et_pb_blurb][\/et_pb_column][et_pb_column type=\u00bb1_4&#8243; _builder_version=\u00bb4.20.4&#8243; _module_preset=\u00bbdefault\u00bb global_colors_info=\u00bb{}\u00bb][et_pb_blurb title=\u00bbArgentina. Milei Administration.\u00bb url=\u00bbhttps:\/\/alloncalaw.com\/web\/wp-content\/uploads\/2024\/01\/DNU-70-23-English-edit.pdf\u00bb url_new_window=\u00bbon\u00bb image=\u00bbhttps:\/\/alloncalaw.com\/web\/wp-content\/uploads\/2024\/01\/portada_DNU-ingles.png\u00bb _builder_version=\u00bb4.27.0&#8243; _module_preset=\u00bbdefault\u00bb custom_padding=\u00bb|10px||10px|false|false\u00bb link_option_url=\u00bbhttps:\/\/alloncalaw.com\/web\/wp-content\/uploads\/2024\/01\/DNU-70-23-English-edit.pdf\u00bb link_option_url_new_window=\u00bbon\u00bb hover_enabled=\u00bb0&#8243; box_shadow_style_image=\u00bbpreset1&#8243; global_colors_info=\u00bb{}\u00bb sticky_enabled=\u00bb0&#8243;]<\/p>\n<p>Comments on the first legislative reforms.<\/p>\n<p><a href=\"https:\/\/alloncalaw.com\/web\/wp-content\/uploads\/2024\/01\/DNU-70-23-English-edit.pdf\" target=\"_blank\" rel=\"noopener\" title=\"Argentina. Milei Administration.Comments on the first legislative reforms.\">Read more&gt;&gt;<\/a><\/p>\n<p>[\/et_pb_blurb][\/et_pb_column][et_pb_column type=\u00bb1_4&#8243; _builder_version=\u00bb4.20.4&#8243; _module_preset=\u00bbdefault\u00bb global_colors_info=\u00bb{}\u00bb][et_pb_blurb title=\u00bbArgentina. Administra\u00e7\u00e3o Milei.\u00bb url=\u00bbhttps:\/\/alloncalaw.com\/web\/wp-content\/uploads\/2024\/01\/DNU-70-23-Portugues-Edit.pdf\u00bb url_new_window=\u00bbon\u00bb image=\u00bbhttps:\/\/alloncalaw.com\/web\/wp-content\/uploads\/2024\/01\/portada_DNU-PORTUGUES.png\u00bb _builder_version=\u00bb4.27.0&#8243; _module_preset=\u00bbdefault\u00bb custom_padding=\u00bb|10px||10px|false|false\u00bb link_option_url=\u00bbhttps:\/\/alloncalaw.com\/web\/wp-content\/uploads\/2024\/01\/DNU-70-23-Portugues-Edit.pdf\u00bb link_option_url_new_window=\u00bbon\u00bb hover_enabled=\u00bb0&#8243; box_shadow_style_image=\u00bbpreset1&#8243; global_colors_info=\u00bb{}\u00bb sticky_enabled=\u00bb0&#8243;]<\/p>\n<p>Coment\u00e1rios sobre as primeiras reformas legislativas.<\/p>\n<p><a href=\"https:\/\/alloncalaw.com\/web\/wp-content\/uploads\/2024\/01\/DNU-70-23-Portugues-Edit.pdf\" target=\"_blank\" rel=\"noopener\" title=\"Argentina.Administra\u00e7\u00e3o Milei. Coment\u00e1rios sobre as primeiras reformas legislativas.\">Read more &gt;&gt;<\/a><\/p>\n<p>[\/et_pb_blurb][\/et_pb_column][\/et_pb_row][et_pb_row column_structure=\u00bb1_4,1_4,1_4,1_4&#8243; _builder_version=\u00bb4.16&#8243; _module_preset=\u00bbdefault\u00bb custom_padding=\u00bb0px||50px|||\u00bb global_colors_info=\u00bb{}\u00bb][et_pb_column type=\u00bb1_4&#8243; _builder_version=\u00bb4.16&#8243; _module_preset=\u00bbdefault\u00bb global_colors_info=\u00bb{}\u00bb][et_pb_blurb title=\u00bbEl DNU y los negocios: los jueces no deben reescribir m\u00e1s los contratos entre particulares\u00bb url=\u00bbhttps:\/\/www.iprofesional.com\/legales\/395081-dnu-los-jueces-no-deben-reescribir-contratos-de-particulares\u00bb url_new_window=\u00bbon\u00bb image=\u00bbhttps:\/\/alloncalaw.com\/web\/wp-content\/uploads\/2024\/01\/ip-23.jpg\u00bb _builder_version=\u00bb4.23.4&#8243; _module_preset=\u00bbdefault\u00bb custom_padding=\u00bb|10px||10px|false|false\u00bb link_option_url=\u00bbhttps:\/\/www.iprofesional.com\/legales\/395081-dnu-los-jueces-no-deben-reescribir-contratos-de-particulares\u00bb link_option_url_new_window=\u00bbon\u00bb box_shadow_style_image=\u00bbpreset1&#8243; global_colors_info=\u00bb{}\u00bb]<\/p>\n<p><span>Compartimos la nota que le realizo a nuestro socio Hern\u00e1n Verly, Dolores Olveira, para el diario Profesional, sobre recientes aspectos del DNU.<\/span><\/p>\n<p><a href=\"https:\/\/www.iprofesional.com\/legales\/395081-dnu-los-jueces-no-deben-reescribir-contratos-de-particulares\" target=\"_blank\" rel=\"noopener\" title=\"Nota IP Profesional\">Leer &gt;&gt;<\/a><\/p>\n<p>[\/et_pb_blurb][\/et_pb_column][et_pb_column type=\u00bb1_4&#8243; _builder_version=\u00bb4.20.4&#8243; _module_preset=\u00bbdefault\u00bb global_colors_info=\u00bb{}\u00bb][et_pb_blurb title=\u00bbComo abrir una cuenta en EE.UU y hacer negocios\u00bb url=\u00bbhttps:\/\/www.iproup.com\/economia-digital\/42099-como-abrir-una-cuenta-en-estados-unidos-y-hacer-negocios\u00bb url_new_window=\u00bbon\u00bb image=\u00bbhttps:\/\/alloncalaw.com\/web\/wp-content\/uploads\/2024\/01\/iprofesional-enero.jpg\u00bb _builder_version=\u00bb4.23.4&#8243; _module_preset=\u00bbdefault\u00bb custom_padding=\u00bb|10px||10px|false|false\u00bb link_option_url=\u00bbhttps:\/\/www.iproup.com\/economia-digital\/42099-como-abrir-una-cuenta-en-estados-unidos-y-hacer-negocios\u00bb link_option_url_new_window=\u00bbon\u00bb box_shadow_style_image=\u00bbpreset1&#8243; global_colors_info=\u00bb{}\u00bb]<\/p>\n<p><span>Messi no es el \u00fanico argentino que puede \u00abromperla\u00bb en EEUU: todo lo que necesit\u00e1s para abrir un negocio.<\/span><br \/><span>Compartimos la muy interesante nota de Dolores Olveira en iProfesional .. para la que fuimos consultados.<\/span><\/p>\n<p><a href=\"https:\/\/www.iproup.com\/economia-digital\/42099-como-abrir-una-cuenta-en-estados-unidos-y-hacer-negocios\" target=\"_blank\" rel=\"noopener\" title=\"Como abrir una cuenta en EE.UU y hacer negocios\">Leer &gt;&gt;<\/a><\/p>\n<p>[\/et_pb_blurb][\/et_pb_column][et_pb_column type=\u00bb1_4&#8243; _builder_version=\u00bb4.20.4&#8243; _module_preset=\u00bbdefault\u00bb global_colors_info=\u00bb{}\u00bb][et_pb_blurb title=\u00bbGrimaldi Alliance \/ Newsletter\u00bb url=\u00bbhttps:\/\/alloncalaw.com\/web\/wp-content\/uploads\/2023\/08\/Newsletter-LATAM-1.pdf\u00bb url_new_window=\u00bbon\u00bb _builder_version=\u00bb4.23.4&#8243; _module_preset=\u00bbdefault\u00bb custom_padding=\u00bb|10px||10px|false|false\u00bb link_option_url=\u00bbhttps:\/\/alloncalaw.com\/web\/wp-content\/uploads\/2023\/08\/Newsletter-LATAM-1.pdf\u00bb link_option_url_new_window=\u00bbon\u00bb box_shadow_style_image=\u00bbpreset1&#8243; global_colors_info=\u00bb{}\u00bb]<\/p>\n<p><span>Selecci\u00f3n de noticias regulatorias y comentarios de expertos legales de LATAM sobre desarrollos de pol\u00edticas interesantes, jurisprudencia reciente y nuevas direcciones regulatorias de las principales pr\u00e1cticas de la industria. El objetivo es brindar una herramienta actualizada para una consulta r\u00e1pida y sencilla sobre los temas m\u00e1s actuales e importantes a nivel LATAM.<\/span><\/p>\n<p><a href=\"https:\/\/alloncalaw.com\/web\/wp-content\/uploads\/2023\/08\/Newsletter-LATAM-1.pdf\" target=\"_blank\" rel=\"noopener\" title=\"Grimaldi Alliance \/ Newsletter\">Leer &gt;&gt;<\/a><\/p>\n<p>[\/et_pb_blurb][\/et_pb_column][et_pb_column type=\u00bb1_4&#8243; _builder_version=\u00bb4.22.0&#8243; _module_preset=\u00bbdefault\u00bb global_colors_info=\u00bb{}\u00bb][et_pb_blurb title=\u00bbINNOVACI\u00d3N \/ N\u00ba9&#8243; url=\u00bbhttps:\/\/alloncalaw.com\/web\/wp-content\/uploads\/2023\/04\/innovacion-n9.pdf\u00bb url_new_window=\u00bbon\u00bb image=\u00bbhttps:\/\/alloncalaw.com\/web\/wp-content\/uploads\/2024\/01\/portada_Innovacion-enero.png\u00bb _builder_version=\u00bb4.23.4&#8243; _module_preset=\u00bbdefault\u00bb custom_padding=\u00bb|10px||10px|false|false\u00bb link_option_url=\u00bbhttps:\/\/alloncalaw.com\/web\/wp-content\/uploads\/2023\/04\/innovacion-n9.pdf\u00bb link_option_url_new_window=\u00bbon\u00bb box_shadow_style_image=\u00bbpreset1&#8243; global_colors_info=\u00bb{}\u00bb]<\/p>\n<p><span>Compartimos \u00abBrasil a la vista: c\u00f3mo vender y crecer en el gigante vecino\u00bb entrevista del N\u00ba9 de INNOVACION para pymes y emprendimientos, publicaci\u00f3n de la <\/span><span>Fundaci\u00f3n Empretec Argentina para la que fuimos convocados junto a Gustavo Segr\u00e9 y Marcelo Olmedo<\/span><\/p>\n<p><a href=\"https:\/\/alloncalaw.com\/web\/wp-content\/uploads\/2023\/04\/innovacion-n9.pdf\" target=\"_blank\" rel=\"noopener\" title=\"INNOVACI\u00d3N 7 N\u00ba9\">Leer &gt;&gt;<\/a><\/p>\n<p>[\/et_pb_blurb][\/et_pb_column][\/et_pb_row][et_pb_row column_structure=\u00bb1_4,1_4,1_4,1_4&#8243; _builder_version=\u00bb4.16&#8243; _module_preset=\u00bbdefault\u00bb custom_padding=\u00bb0px||50px|||\u00bb global_colors_info=\u00bb{}\u00bb][et_pb_column type=\u00bb1_4&#8243; _builder_version=\u00bb4.16&#8243; _module_preset=\u00bbdefault\u00bb global_colors_info=\u00bb{}\u00bb][et_pb_blurb title=\u00bbNEWSLETTER \/ Octubre 2022&#8243; url=\u00bbhttps:\/\/alloncalaw.com\/web\/wp-content\/uploads\/2022\/10\/newsletter_Alloca_octubre_22.pdf\u00bb url_new_window=\u00bbon\u00bb image=\u00bbhttps:\/\/alloncalaw.com\/web\/wp-content\/uploads\/2024\/01\/newsletter_Alloca_octubre_224.png\u00bb _builder_version=\u00bb4.23.4&#8243; _module_preset=\u00bbdefault\u00bb custom_padding=\u00bb|10px||10px|false|false\u00bb link_option_url=\u00bbhttps:\/\/alloncalaw.com\/web\/wp-content\/uploads\/2022\/10\/newsletter_Alloca_octubre_22.pdf\u00bb link_option_url_new_window=\u00bbon\u00bb box_shadow_style_image=\u00bbpreset1&#8243; global_colors_info=\u00bb{}\u00bb]<\/p>\n<p>Nueva ley en Argentina de promoci\u00f3n de inversiones en la industria automotriz-autopartista y su cadena de valor<\/p>\n<p>por Mar\u00eda Victoria Berro \/ Allonca Abogados<br \/><a href=\"https:\/\/alloncalaw.com\/web\/wp-content\/uploads\/2022\/10\/newsletter_Alloca_octubre_22.pdf\" target=\"_blank\" rel=\"noopener noreferrer\" title=\"Newsletter \/ septiembre 2022\">Leer el newsletter&gt;&gt;<\/a><\/p>\n<p>[\/et_pb_blurb][\/et_pb_column][et_pb_column type=\u00bb1_4&#8243; _builder_version=\u00bb4.18.0&#8243; _module_preset=\u00bbdefault\u00bb global_colors_info=\u00bb{}\u00bb][et_pb_blurb title=\u00bbNEWSLETTER \/ Septiembre 2022&#8243; image=\u00bbhttps:\/\/alloncalaw.com\/web\/wp-content\/uploads\/2024\/01\/newsletter_Alloca_septiembre_224.png\u00bb _builder_version=\u00bb4.23.4&#8243; _module_preset=\u00bbdefault\u00bb custom_padding=\u00bb|10px||10px|false|false\u00bb box_shadow_style_image=\u00bbpreset1&#8243; global_colors_info=\u00bb{}\u00bb]<\/p>\n<p><span>El Tribunal Superior de Justicia de CABA sienta un precedente importante acerca de la improcedencia del Impuesto de Sellos<br \/>con relaci\u00f3n a las \u00f3rdenes de compra.<\/span><\/p>\n<p>por Antonio Zdravcoff \/ Allonca Abogados<br \/><a href=\"https:\/\/alloncalaw.com\/web\/wp-content\/uploads\/2022\/08\/newsletter_Alloca_septiembre_22.pdf\" target=\"_blank\" rel=\"noopener noreferrer\" title=\"Newsletter \/ septiembre 2022\">Leer el newsletter&gt;&gt;<\/a><\/p>\n<p>[\/et_pb_blurb][\/et_pb_column][et_pb_column type=\u00bb1_4&#8243; _builder_version=\u00bb4.20.4&#8243; _module_preset=\u00bbdefault\u00bb global_colors_info=\u00bb{}\u00bb][et_pb_blurb title=\u00bbInterpretaci\u00f3n del contrato en el c\u00f3digo civil y comercial\u00bb image=\u00bbhttps:\/\/alloncalaw.com\/web\/wp-content\/uploads\/2024\/01\/interpretaciondelcontrato_34.png\u00bb _builder_version=\u00bb4.23.4&#8243; _module_preset=\u00bbdefault\u00bb custom_padding=\u00bb|10px||10px|false|false\u00bb box_shadow_style_image=\u00bbpreset1&#8243; global_colors_info=\u00bb{}\u00bb]<\/p>\n<p><span>Por nuestro colega Hern\u00e1n Verly, integrante del staff de Allonca Abogados, publicado por Thomson Reuters.<\/span><br \/><a href=\"https:\/\/alloncalaw.com\/web\/wp-content\/uploads\/2021\/02\/Interpretacion-del-Contrato-H.-Verly-1.pdf\" target=\"_blank\" rel=\"noopener noreferrer\" title=\"Interpretaci\u00f3n...\">Continuar lectura &gt;&gt;<\/a><\/p>\n<p>[\/et_pb_blurb][\/et_pb_column][et_pb_column type=\u00bb1_4&#8243; _builder_version=\u00bb4.20.4&#8243; _module_preset=\u00bbdefault\u00bb global_colors_info=\u00bb{}\u00bb][et_pb_blurb title=\u00bbP\u00f3dcast %22Herramientas para el comercio exterios: aspectos legales%22&#8243; image=\u00bbhttps:\/\/alloncalaw.com\/web\/wp-content\/uploads\/2024\/01\/amcham_connect_23.png\u00bb _builder_version=\u00bb4.23.4&#8243; _module_preset=\u00bbdefault\u00bb custom_padding=\u00bb|10px||10px|false|false\u00bb box_shadow_style_image=\u00bbpreset1&#8243; global_colors_info=\u00bb{}\u00bb]<\/p>\n<p><span>Escuch\u00e1 el p\u00f3dcast en el que conversamos con\u00a0<\/span><a href=\"https:\/\/www.linkedin.com\/in\/ACoAAAWidxkBDXRFLDN_jHVSt6v9wiqx7WbrFKI\" data-attribute-index=\"0\" data-entity-hovercard-id=\"urn:li:fs_miniProfile:ACoAAAWidxkBDXRFLDN_jHVSt6v9wiqx7WbrFKI\" data-entity-type=\"MINI_PROFILE\">Daniel Griboff<\/a><span>\u00a0sobre el acceso al Mercado de Estados Unidos y las herramientas para el comercio exterior.<\/span><\/p>\n<p>Organizado por Amcham Argentina.<br \/><a href=\"https:\/\/open.spotify.com\/episode\/3gingiLR536SGThOSxGaDO?si=5199eeb26f7047de&amp;nd=1\" target=\"_blank\" rel=\"noopener noreferrer\" title=\"P\u00f3dcast &quot;Herramientas para el comercio exterior: aspectos legales&quot;\">Acceder al p\u00f3dcast&gt;&gt;<\/a><\/p>\n<p>[\/et_pb_blurb][\/et_pb_column][\/et_pb_row][et_pb_row column_structure=\u00bb1_4,1_4,1_4,1_4&#8243; _builder_version=\u00bb4.16&#8243; _module_preset=\u00bbdefault\u00bb custom_padding=\u00bb0px||50px|||\u00bb global_colors_info=\u00bb{}\u00bb][et_pb_column type=\u00bb1_4&#8243; _builder_version=\u00bb4.16&#8243; _module_preset=\u00bbdefault\u00bb global_colors_info=\u00bb{}\u00bb][et_pb_blurb title=\u00bbInsolvencia en tiempos de Pandemia\u00bb image=\u00bbhttps:\/\/alloncalaw.com\/web\/wp-content\/uploads\/2024\/01\/insolevencia_Allonca_Abogados-3.png\u00bb _builder_version=\u00bb4.23.4&#8243; _module_preset=\u00bbdefault\u00bb custom_padding=\u00bb|10px||10px|false|false\u00bb box_shadow_style_image=\u00bbpreset1&#8243; global_colors_info=\u00bb{}\u00bb]<\/p>\n<p><span>Nos enfrentamos a una tormenta perfecta.<\/span><br \/><span>Indefectiblemente tu negocio se ver\u00e1 afectado.\u00a0<\/span><span>El objetivo es sobrevivir, no morir ahogado y quedar en pie para el futuro.<br \/><\/span>\/ Elaborado por Estudio Allonca<br \/><a href=\"https:\/\/alloncalaw.com\/web\/wp-content\/uploads\/2020\/08\/insolevencia_Allonca_Abogados.pdf\" target=\"_blank\" rel=\"noopener noreferrer\" title=\"Insolvencia\">Continuar lectura &gt;&gt;<\/a><\/p>\n<p>[\/et_pb_blurb][\/et_pb_column][et_pb_column type=\u00bb1_4&#8243; _builder_version=\u00bb4.16&#8243; _module_preset=\u00bbdefault\u00bb global_colors_info=\u00bb{}\u00bb][et_pb_blurb title=\u00bbStartups\u00bb image=\u00bbhttps:\/\/alloncalaw.com\/web\/wp-content\/uploads\/2024\/01\/startups_informe-3.png\u00bb _builder_version=\u00bb4.23.4&#8243; _module_preset=\u00bbdefault\u00bb custom_padding=\u00bb|10px||10px|false|false\u00bb box_shadow_style_image=\u00bbpreset1&#8243; global_colors_info=\u00bb{}\u00bb]<\/p>\n<p><span>\u00bfCu\u00e1l es la forma m\u00e1s conveniente para tu proyecto?<\/span><span><br \/><\/span>\/ Elaborado por Estudio Allonca<br \/><a href=\"https:\/\/alloncalaw.com\/web\/wp-content\/uploads\/2021\/01\/startups.pdf\" target=\"_blank\" rel=\"noopener noreferrer\" title=\"Insolvencia\">Continuar lectura &gt;&gt;<\/a><\/p>\n<p>[\/et_pb_blurb][\/et_pb_column][et_pb_column type=\u00bb1_4&#8243; _builder_version=\u00bb4.17.6&#8243; _module_preset=\u00bbdefault\u00bb global_colors_info=\u00bb{}\u00bb][et_pb_blurb title=\u00bbARGENTINA: insolv\u00eancia empresarial na pandemia.\u00bb image=\u00bbhttps:\/\/alloncalaw.com\/web\/wp-content\/uploads\/2024\/01\/camarbra-3.png\u00bb _builder_version=\u00bb4.23.4&#8243; _module_preset=\u00bbdefault\u00bb custom_padding=\u00bb|10px||10px|false|false\u00bb box_shadow_style_image=\u00bbpreset1&#8243; global_colors_info=\u00bb{}\u00bb]<\/p>\n<p><span>Compartimos el link al video de la charla realizada a trav\u00e9s de Zoom, organizada por la C\u00e1mara de Comerccio Argentino Brasileira de Sao Paulo\u00a0<\/span><span>en la que participamos como expositores junto a Carolina Nunez y Dr. Abr\u00e3o Jorge Miguel Neto.<\/span><br \/><span><a href=\"https:\/\/www.youtube.com\/watch?v=OtqrDcGHobE&amp;feature=youtu.be\" target=\"_blank\" rel=\"noopener noreferrer\" title=\"Insolvencia\">Ver video&gt;&gt;<\/a><br \/><\/span><\/p>\n<p>[\/et_pb_blurb][\/et_pb_column][et_pb_column type=\u00bb1_4&#8243; _builder_version=\u00bb4.17.6&#8243; _module_preset=\u00bbdefault\u00bb global_colors_info=\u00bb{}\u00bb][et_pb_blurb title=\u00bbEntrevista GRIMALDI \u00bb image=\u00bbhttps:\/\/alloncalaw.com\/web\/wp-content\/uploads\/2024\/01\/tapa_MAG_Grimaldi.jpg\u00bb _builder_version=\u00bb4.23.4&#8243; _module_preset=\u00bbdefault\u00bb custom_padding=\u00bb|10px||10px|false|false\u00bb box_shadow_style_image=\u00bbpreset1&#8243; global_colors_info=\u00bb{}\u00bb]<\/p>\n<p><span>GRIMALDI, PRONTI ALLA RIPRESA<br \/>Como orgullosos miembros de Grimaldi Studio Legale compartimos el link a la entrevista que @Francesco Sciaudone, Managing Partner de la firma ofreci\u00f3 a la revista MAG, en la cual entre otros temas anuncia la apertura de dos nuevas sedes en Italia y de como la firma se prepara para asistir la creciente demanda de servicios frente de la crisis empresarial y de financiaci\u00f3n de la UE.<\/span><br \/><a href=\"https:\/\/lnkd.in\/dhbmQ94p\" target=\"_blank\" rel=\"noopener noreferrer\" title=\"Interpretaci\u00f3n...\">Acceder a la publicaci\u00f3n &gt;&gt;<\/a><\/p>\n<p>[\/et_pb_blurb][\/et_pb_column][\/et_pb_row][et_pb_row column_structure=\u00bb1_3,1_3,1_3&#8243; _builder_version=\u00bb4.16&#8243; _module_preset=\u00bbdefault\u00bb custom_padding=\u00bb0px||50px|||\u00bb global_colors_info=\u00bb{}\u00bb][et_pb_column type=\u00bb1_3&#8243; _builder_version=\u00bb4.16&#8243; _module_preset=\u00bbdefault\u00bb global_colors_info=\u00bb{}\u00bb][et_pb_blurb title=\u00bbReestruscturaci\u00f3n empresaria\u00bb image=\u00bbhttps:\/\/alloncalaw.com\/web\/wp-content\/uploads\/2024\/01\/reestructuracion_23.png\u00bb _builder_version=\u00bb4.23.4&#8243; _module_preset=\u00bbdefault\u00bb custom_margin=\u00bb|10px||10px|false|false\u00bb custom_padding=\u00bb||||false|false\u00bb box_shadow_style_image=\u00bbpreset1&#8243; global_colors_info=\u00bb{}\u00bb]<\/p>\n<p>Un an\u00e1lisis de la situaci\u00f3n y c\u00f3mo afecta el COVID-19 el funcionamiento de las empresas y como impacta en le estructura.<br \/>\/ Elaborado por Estudio Allonca<br \/><span style=\"font-size: 16px;\"><\/span><a href=\"https:\/\/alloncalaw.com\/web\/wp-content\/uploads\/2020\/07\/reestructuracion_empresaria_Allonca.pdf\" target=\"_blank\" rel=\"noopener noreferrer\" title=\"Reestructuraci\u00f3n Empresaria \/ Covid-19\" style=\"font-size: 16px;\">Continuar lectura &gt;&gt;<\/a><\/p>\n<p>[\/et_pb_blurb][\/et_pb_column][et_pb_column type=\u00bb1_3&#8243; _builder_version=\u00bb4.16&#8243; _module_preset=\u00bbdefault\u00bb global_colors_info=\u00bb{}\u00bb][et_pb_blurb title=\u00bbM\u00e1s empresas en crisis: as\u00ed ser\u00e1 la ola de ventas y de fusiones que viene, seg\u00fan anticipan expertos.\u00bb image=\u00bbhttps:\/\/alloncalaw.com\/web\/wp-content\/uploads\/2024\/01\/Nota_iprofesionan_crisis-3.png\u00bb _builder_version=\u00bb4.23.4&#8243; _module_preset=\u00bbdefault\u00bb custom_margin=\u00bb|10px||10px|false|false\u00bb custom_padding=\u00bb||||false|false\u00bb box_shadow_style_image=\u00bbpreset1&#8243; global_colors_info=\u00bb{}\u00bb]<\/p>\n<p><span>Compartimos la muy interesante nota de\u00a0Dolores Olveira<\/span><span>\u00a0en\u00a0iProfesional\u00a0<\/span><span>para la cual fuimos consultados.<br \/><\/span><span style=\"font-size: 16px;\"><\/span><a href=\"https:\/\/lnkd.in\/d9fSWcZ\" target=\"_blank\" rel=\"noopener noreferrer\" title=\"M\u00e1s empresas en crisis\" style=\"font-size: 16px;\">Leer la nota en iProfesional &gt;&gt;<\/a><\/p>\n<p>[\/et_pb_blurb][\/et_pb_column][et_pb_column type=\u00bb1_3&#8243; _builder_version=\u00bb4.16&#8243; _module_preset=\u00bbdefault\u00bb global_colors_info=\u00bb{}\u00bb][et_pb_blurb title=\u00bbEl Gobierno dar\u00e1 su estocada final a las SAS: lanzar\u00e1 una pol\u00e9mica medida para %22quebrar%22 su operatoria\u00bb image=\u00bbhttps:\/\/alloncalaw.com\/web\/wp-content\/uploads\/2024\/01\/sas-3.png\u00bb _builder_version=\u00bb4.23.4&#8243; _module_preset=\u00bbdefault\u00bb custom_margin=\u00bb|10px||10px|false|false\u00bb custom_padding=\u00bb||||false|false\u00bb box_shadow_style_image=\u00bbpreset1&#8243; global_colors_info=\u00bb{}\u00bb]<\/p>\n<p><span>Compartimos la interesante nota de\u00a0Dolores Olveira<\/span><span>\u00a0sobre las SAS para iProfesional\u00a0<\/span><span>para la que fuimos consultados.<br \/><\/span><span style=\"font-size: 16px;\"><\/span><a href=\"https:\/\/www.iproup.com\/innovacion\/13560-sas-nueva-resolucion-de-igj-y-gobierno-para-quebrar-su-uso\" target=\"_blank\" rel=\"noopener noreferrer\" title=\"SAS\" style=\"font-size: 16px;\">Leer la nota en iProfesional &gt;&gt;<\/a><\/p>\n<p><span><\/span><\/p>\n<p>&nbsp;<\/p>\n<p>[\/et_pb_blurb][\/et_pb_column][\/et_pb_row][\/et_pb_section]<\/p>\n","protected":false},"excerpt":{"rendered":"<p>LEGAL NEWSNational and international scope.Selection of reports, analysis and journalistic notes.Legal issues, bilateral agreements, regulatory frameworks and contingencies in the markets, among others.&nbsp; Read more &gt;&gt;Coment\u00e1rios sobre las primeras reformas legislativas. Read more &gt;&gt;Comments on the first legislative reforms. Read more&gt;&gt;Coment\u00e1rios sobre as primeiras reformas legislativas. Read more &gt;&gt;Compartimos la nota que le realizo a [&hellip;]<\/p>\n","protected":false},"author":1,"featured_media":0,"parent":0,"menu_order":0,"comment_status":"closed","ping_status":"closed","template":"","meta":{"_et_pb_use_builder":"on","_et_pb_old_content":"","_et_gb_content_width":"","footnotes":""},"class_list":["post-790","page","type-page","status-publish","hentry"],"_links":{"self":[{"href":"https:\/\/alloncalaw.com\/web\/wp-json\/wp\/v2\/pages\/790","targetHints":{"allow":["GET"]}}],"collection":[{"href":"https:\/\/alloncalaw.com\/web\/wp-json\/wp\/v2\/pages"}],"about":[{"href":"https:\/\/alloncalaw.com\/web\/wp-json\/wp\/v2\/types\/page"}],"author":[{"embeddable":true,"href":"https:\/\/alloncalaw.com\/web\/wp-json\/wp\/v2\/users\/1"}],"replies":[{"embeddable":true,"href":"https:\/\/alloncalaw.com\/web\/wp-json\/wp\/v2\/comments?post=790"}],"version-history":[{"count":4,"href":"https:\/\/alloncalaw.com\/web\/wp-json\/wp\/v2\/pages\/790\/revisions"}],"predecessor-version":[{"id":863,"href":"https:\/\/alloncalaw.com\/web\/wp-json\/wp\/v2\/pages\/790\/revisions\/863"}],"wp:attachment":[{"href":"https:\/\/alloncalaw.com\/web\/wp-json\/wp\/v2\/media?parent=790"}],"curies":[{"name":"wp","href":"https:\/\/api.w.org\/{rel}","templated":true}]}}